visor of 498196 and 13806.
118
What is the highest common divisor of 12 and 5448672?
12
What is the highest common factor of 10317 and 652251?
57
Calculate the greatest common factor of 22699317 and 208893.
1167
Calculate the highest common factor of 614017576 and 8.
8
What is the highest common factor of 2494 and 143898?
58
What is the highest common factor of 13528 and 5776?
152
What is the greatest common factor of 8500 and 24245400?
1700
What is the greatest common factor of 550910 and 2543620?
890
What is the highest common divisor of 31800 and 21094?
106
Calculate the greatest common divisor of 81 and 142115.
1
Calculate the greatest common factor of 3981332 and 1802.
34
What is the greatest common factor of 26536 and 413416?
248
What is the greatest common divisor of 40 and 40207480?
40
What is the highest common factor of 1650936 and 542704?
2536
What is the highest common factor of 8433809 and 899?
29
Calculate the highest common divisor of 236187235 and 5020.
1255
Calculate the highest common divisor of 96 and 6573.
3
What is the greatest common factor of 456 and 8897073?
57
What is the greatest common divisor of 7850 and 8950?
50
Calculate the highest common factor of 112 and 802116.
28
Calculate the greatest common divisor of 1083 and 2319425.
361
Calculate the highest common divisor of 4705831 and 8866.
403
Calculate the greatest common divisor of 101732 and 4740224.
116
Calculate the greatest common divisor of 491729 and 20827.
353
Calculate the highest common divisor of 90 and 552170.
10
Calculate the greatest common factor of 1660972 and 12050.
482
What is the highest common divisor of 3 and 10873815?
3
What is the highest common factor of 20391882 and 4242?
42
What is the highest common divisor of 4139408 and 1092?
364
What is the greatest common factor of 13387342 and 125798?
4058
What is the highest common divisor of 86709 and 4809?
21
What is the greatest common factor of 15720 and 3323940?
60
Calculate the greatest common factor of 6 and 45462642.
6
What is the highest common factor of 53225 and 46425?
25
What is the highest common factor of 5566 and 26213?
11
What is the highest common divisor of 14799026 and 726?
242
Calculate the greatest common divisor of 7190 and 19978134.
1438
What is the highest common divisor of 371179125 and 300?
75
What is the highest common factor of 77728 and 162743?
2429
What is the highest common divisor of 6511 and 24803?
17
Calculate the greatest common factor of 495679700 and 7275.
2425
What is the highest common divisor of 894 and 6774?
6
Calculate the greatest common divisor of 2415 and 431297265.
2415
Calculate the greatest common factor of 3653 and 107582817.
281
What is the greatest common factor of 1092 and 508144?
364
What is the highest common divisor of 31413 and 30521226?
111
Calculate the highest common divisor of 5436 and 10581476.
604
What is the highest common divisor of 40495 and 15020530?
3115
Calculate the greatest common factor of 28318682 and 17458.
602
Calculate the highest common divisor of 12714759 and 3672.
459
What is the greatest common factor of 137 and 389900904?
137
Calculate the highest common factor of 1368475 and 45225.
1675
Calculate the highest common factor of 21741914 and 2195.
439
What is the highest common divisor of 35549 and 703?
19
What is the greatest common divisor of 36 and 347394?
6
What is the greatest common divisor of 5724 and 7858404?
108
What is the highest common factor of 4688 and 322816?
16
Calculate the greatest common factor of 29593 and 1543987.
101
What is the highest common divisor of 693 and 219274146?
63
What is the greatest common divisor of 38203498 and 116?
58
What is the greatest common factor of 6045 and 1453745?
155
Calculate the highest common divisor of 482242 and 365966.
82
Calculate the highest common divisor of 61283115 and 99.
9
Calculate the greatest common factor of 57 and 142017.
3
Calculate the greatest common factor of 507514 and 56.
14
What is the greatest common divisor of 6298726 and 4816?
602
What is the greatest common divisor of 116376 and 1138023?
1119
Calculate the greatest common divisor of 3447325 and 250.
25
What is the greatest common factor of 1233 and 32082797?
137
Calculate the greatest common factor of 252 and 26827773.
21
What is the greatest common factor of 12843060 and 300?
60
What is the highest common divisor of 16414315 and 3351?
1117
What is the greatest common divisor of 34143 and 633669?
57
Calculate the greatest common divisor of 8052 and 10144666.
122
What is the highest common factor of 66516 and 3372?
12
Calculate the highest common divisor of 32874196 and 4.
4
Calculate the highest common divisor of 1953640 and 4129810.
2890
What is the greatest common divisor of 5068820 and 15?
5
Calculate the highest common factor of 9422080 and 434299.
7361
What is the greatest common divisor of 84960 and 20355?
885
Calculate the greatest common factor of 1344 and 112103264.
224
Calculate the greatest common factor of 1157 and 1470313.
13
Calculate the greatest common divisor of 103107 and 14829.
3
Calculate the greatest common divisor of 1149044941 and 44.
11
What is the highest common divisor of 8897 and 16457?
7
Calculate the highest common divisor of 144 and 62517222.
18
What is the highest common divisor of 4914 and 525438?
18
Calculate the greatest common divisor of 36 and 12916860.
12
What is the highest common divisor of 157664 and 744224?
416
What is the greatest common factor of 24708 and 10642536?
348
Calculate the highest common divisor of 21992 and 5864.
8
Calculate the greatest common factor of 5389550 and 15850.
50
What is the highest common factor of 259969 and 59363?
2047
What is the highest common factor of 200 and 149653275?
25
Calculate the greatest common divisor of 2991031 and 15776.
493
What is the greatest common factor of 224815 and 20?
5
Calculate the greatest common divisor of 1056605488 and 4619.
4619
Calculate the highest common divisor of 10511202 and 1248.
78
Calculate the highest common factor of 1020 and 46920510.
510
Calculate the greatest common divisor of 27689102 and 506.
46
Calculate the greatest common factor of 316087390 and 556.
278
Calculate the greatest common divisor of 123 and 388480125.
123
What is the greatest common factor of 46807190 and 20?
10
What is the highest common divisor of 1033900 and 500?
100
What is the highest common factor of 2549243 and 32927?
1733
Calculate the greatest common factor of 777108431 and 11.
11
What is the highest common factor of 11 and 248856179?
11
What is the greatest common factor of 117616033 and 674?
337
Calculate the highest common divisor of 284 and 259736.
4
What is the greatest common factor of 70 and 6810314?
14
What is the highest common divisor of 42 and 3776493?
21
Calculate the greatest common factor of 2249377 and 1313.
13
What is the highest common divisor of 13456877 and 3213?
119
Calculate the highest common factor of 936 and 909504.
72
Calculate the highest common divisor of 32 and 323957168.
16
What is the greatest common factor of 2011609 and 69175?
2767
Calculate the greatest common factor of 619665840 and 240.
240
Calculate the greatest common divisor of 991904 and 611912.
1784
What is the highest common factor of 711 and 180563664?
237
Calculate the highest common factor of 1392290 and 24057811.
4801
What is the greatest common factor of 2781091 and 1840?
23
Calculate the highest common factor of 1039 and 351012643.
1039
What is the greatest common factor of 11940 and 200235790?
1990
What is the greatest common factor of 20612 and 213514555?
5153
Calculate the highest common factor of 2600650 and 10400.
650
Calculate the greatest common divisor of 9216 and 70108672.
512
Calculate the highest common factor of 380 and 124044692.
76
Calculate the greatest common factor of 8909154 and 59166.
3114
Calculate the highest common factor of 282970626 and 647.
647
What is the highest common divisor of 614261 and 30889?
391
What is the highest common factor of 235770 and 170?
10
Calculate the greatest common divisor of 191881227 and 1581.
1581
Calculate the highest common divisor of 5730 and 173640.
30
What is the greatest common factor of 5300315 and 8391?
2797
What is the highest common divisor of 1001